isor of 95 and i?
5
Let h(z) = -3*z**2 + 3*z - 1. Let o be h(-4). Let m = o - -85. Let f be m/9*(-114)/(-8). Calculate the greatest common divisor of 19 and f.
19
Let r(k) = -2*k - 11. Let d(p) = -p - 5. Let i(c) = -7*d(c) + 4*r(c). Let a be i(17). Let g = a - -40. Calculate the greatest common divisor of g and 14.
14
Let g = 362 - 361. Calculate the greatest common factor of 4 and g.
1
Let b(c) = -9*c**3 - 14*c**2 - 5*c. Let z be b(-2). What is the highest common divisor of z and 2?
2
Suppose -8 = -0*l - 4*l. Suppose -l*j + 62 = -2*x + 6*x, -124 = -4*j + 5*x. What is the greatest common factor of j and 93?
31
Let s = 2209 - 2185. Calculate the highest common divisor of s and 128.
8
Let j = 242 - 208. Calculate the highest common divisor of j and 442.
34
Suppose v + s - 6 = 0, 2*v - 1 = 6*v - s. Calculate the highest common divisor of 5 and v.
1
Let o(k) = k**3 - 8*k**2 + 9*k - 7. Let x = -9 + 19. Let n = -3 + x. Let l be o(n). What is the greatest common divisor of 14 and l?
7
Let b = 1667 - 1631. Let c(y) = 2*y**2 + 3*y - 2. Let a be c(-4). What is the highest common divisor of b and a?
18
Let i = 28 - 23. Suppose 5*h + 4*u - u = 66, u - 12 = -h. What is the greatest common factor of i and h?
5
Let n(f) = f**2 + 13*f + 10. Let i be n(-12). Let j = 85 - 41. Let c = i + j. Calculate the highest common divisor of 6 and c.
6
Let a be (-2 - 10)/(2/(-8)). Let u = -18 + 19. Suppose -3*y - 3*n = -36, -y = -5*n - u - 11. Calculate the greatest common factor of y and a.
12
Let u be ((-1036)/2 + 2)/(12/(-8)). Calculate the highest common factor of u and 43.
43
Let a be (-4)/6 + (-2000)/(-120). What is the highest common divisor of 16 and a?
16
Let a be 6*(-19)/((-152)/12). Suppose 3*y = -15, 0 = -v - 3*v - 2*y + 278. Calculate the greatest common factor of a and v.
9
Suppose 0 = 2*t - 24 - 18. Suppose -3*k - 2*v = -6*k + t, 0 = 2*v - 6. Suppose -144 = -6*g + 2*g. Calculate the highest common divisor of g and k.
9
Let x be 20*3*(-14)/(-30). What is the greatest common divisor of 1 and x?
1
Let u be 28/12*(2 - -13). Let z(o) = 2*o + 12. Let n be z(-5). Suppose a - n*t - 14 = -3*a, -2*a + 25 = 5*t. Calculate the highest common divisor of a and u.
5
Let c be 2/3 - 25/(-3). Let x be (-75)/(-25)*(8/(-3) + 2). Let j be ((-15)/x - 3)/((-2)/(-4)). What is the highest common factor of c and j?
9
Let p(n) = -60*n + 18. Let c(m) = 20*m - 6. Let w(i) = -11*c(i) - 4*p(i). Suppose 8*o - 4 = 6*o. Let f be w(o). What is the highest common divisor of 306 and f?
34
Suppose -5*v - 4*g + 85 = -65, -4*v = 5*g - 129. Let r = 5 + -3. Suppose 3*m = r*m - x + 16, 5*m - 68 = -x. Calculate the greatest common divisor of v and m.
13
Let v = 611 - 596. Calculate the greatest common factor of v and 300.
15
Suppose -7*a = 63 - 1120. Suppose -443 = -9*r + a. Suppose 4*u = 3*z - 39 - 2, -4*u + 47 = 5*z. Calculate the highest common factor of r and z.
11
Suppose -w = -3*w - 130. Let a = w + 94. What is the highest common divisor of 319 and a?
29
Let h be (-26)/117 + 20/9 + 0. Suppose 7*f - 4 = 5*f. Calculate the greatest common divisor of h and f.
2
Let c be (-2)/7 + 510/21. Suppose 4*g = -5*w - 18, 0*g - 6*w - 39 = -g. Calculate the greatest common divisor of c and g.
3
Suppose 3*c - 33 = -2*o, -3*c = 4*o + c - 76. Let z be ((-4)/(-3))/(16/o). Suppose -m + 2 = -z. Calculate the highest common factor of m and 1.
1
Suppose 22*v = 16*v + 120. Suppose 2*l - 1322 = 432. Suppose -4*z = -3*r + 648, -r = 3*r - z - l. Calculate the highest common divisor of r and v.
20
Suppose 6*r + 4*b = 2*r + 28, -19 = -r + 5*b. Suppose 57 = r*l - 168. Calculate the highest common factor of l and 175.
25
Suppose 0 = 8*y - 11*y. Suppose -3*a + 2 + 10 = y. Calculate the highest common factor of 1 and a.
1
Suppose -38 - 130 = -4*a. Suppose 2*r - 132 = -25*n + 22*n, 138 = 3*n + 4*r. What is the highest common divisor of a and n?
42
Let w be 1*178/2*1. Suppose 2*d - i - w = 18, d + 4*i = 76. Let o = 114 + -100. Calculate the highest common factor of o and d.
14
Let g be (-15 + 45)*(22/6 - 3). Calculate the highest common factor of g and 20.
20
Let s = 430 + -414. What is the highest common factor of s and 560?
16
Let h(i) = -14*i. Let w be ((-2)/(-6))/((-3)/18). Let m be h(w). Suppose -t + m = -0*v + 3*v, -2*t - 24 = -2*v. What is the greatest common factor of 50 and v?
10
Let w(q) = 8*q**2 + 29*q + 8. Let j be w(-4). Calculate the greatest common factor of j and 630.
10
Let n(c) be the third derivative of 0*c**3 + 5/3*c**4 + 0*c + 0 + 11*c**2. Let d be n(2). What is the highest common divisor of 8 and d?
8
Let l be (297/6 - 2)*20/50. Suppose 5*s - 2*w = 764, -564 - 198 = -5*s + w. What is the greatest common factor of s and l?
19
Let v(o) = -2*o**3 + 32*o**2 + o. Let y be v(14). Suppose 8*t - y = 2*t. What is the greatest common factor of 19 and t?
19
Let l = 327 + -319. What is the highest common factor of l and 248?
8
Suppose -3*l + 0*l = -189. Let k be -5 - (-12)/10*10/(-4). Let i be (-6 - k)*7/2. Calculate the greatest common factor of l and i.
7
Let b = 226 + -224. Suppose 87 = b*c - 13. Let d(a) = 19*a**2 + 1. Let r be d(-1). What is the highest common factor of r and c?
10
Suppose -4*r = -4*d + r + 97, -d - 3*r = -20. Calculate the greatest common factor of 368 and d.
23
Let y = -98 + 83. Let l be ((-235)/y + 3)*9/4. Calculate the greatest common divisor of l and 63.
21
Let p = -285 + 309. Suppose -4*s = -s. Suppose 2*c = -s*c + 8. Calculate the greatest common divisor of c and p.
4
Suppose 0*d - 175 = 7*d. Suppose -3*y + 0*y + 189 = 5*a, a - y - 33 = 0. Let j = d + a. What is the greatest common factor of 11 and j?
11
Let h(w) = 72*w + 3. Let p be h(3). Suppose 16 = n - 4*k, 4*n + 80 = k + p. Let g = -233 + 239. What is the greatest common factor of g and n?
6
Suppose -g = g - 8. Suppose -5*i - 2*u = -6*u - 58, 5*u = -10. What is the highest common divisor of i and g?
2
Let v be 1*((-18)/(-27))/(2/102). What is the highest common divisor of v and 68?
34
Let m(r) = -r - 4. Let c be m(-4). Let s be 8/20 - (1 + 14/10). Let v be 9 + -3 - (s + c). What is the greatest common divisor of 24 and v?
8
Let h be 4 - 2 - 4 - 26. Let r be (-1252)/h - (-4)/14. Let y(g) = 18*g**2 + g - 1. Let t be y(1). Calculate the greatest common factor of t and r.
9
Suppose 92 = w + r, 0 = 3*w - 7*r + 4*r - 288. Let i = w + -13. What is the highest common factor of i and 54?
27
Suppose -2*f + 3 = m, 3*m - 12 = 4*f - m. Suppose -c + 3 = -f. Calculate the greatest common divisor of 24 and c.
3
Let u = 106 + -66. What is the greatest common divisor of 60 and u?
20
Let o(k) = -6*k + 8 + k - 10 + 0*k. Let u be o(-4). Calculate the highest common factor of u and 162.
18
Suppose 17*h - 13*h = 4. Calculate the highest common divisor of 35 and h.
1
Let o(z) = -z**3 + z**2 - z + 50. Let y be o(0). Let c be (6 - 1)/(20/100). Calculate the greatest common factor of c and y.
25
Suppose 367 = 16*i + 79. What is the highest common divisor of 324 and i?
18
Suppose 17 = 2*w - 33. Let o(u) = -2*u - 11. Let s be o(-8). Calculate the greatest common divisor of s and w.
5
Let z(i) = -12*i - 13. Let m be z(-6). Suppose 3*s = 46 + m. Calculate the greatest common factor of s and 385.
35
Let o = 959 - 434. What is the greatest common divisor of 21 and o?
21
Let u = 46 + -53. Let v be u/((-462)/12) + 370/22. What is the greatest common divisor of v and 51?
17
Suppose 8*i = 11 + 5. Suppose a - 34 = 3*k, 3*k - 10 = -i*k. Calculate the greatest common factor of a and 360.
40
Suppose -10*i + 94 + 816 = 0. What is the greatest common factor of i and 7?
7
Let t be (192/18)/((-2)/(-3)). Let v = t + -8. Let j be v/40 - (-238)/10. What is the highest common factor of j and 8?
8
Let n = -64 + 55. Let r be -2*n/(-42) + 1067/7. Calculate the greatest common divisor of r and 8.
8
Suppose 57*w = 47*w + 3600. What is the highest common factor of w and 24?
24
Suppose 0*r - 3*r + 12 = 0. Suppose -r*p - 4*d = -160, p - d = 14 + 24. What is the greatest common divisor of p and 26?
13
Let k be ((-28)/147*9)/((-2)/91). Calculate the highest common factor of k and 78.
78
Let a be (53/(795/90))/((-3)/(-4)). Let s = -203 + 291. Calculate the greatest common divisor of s and a.
8
Suppose 14*n + 7*n - 504 = 0. What is the highest common factor of n and 168?
24
Suppose 3 = -4*y 